*f + 15 = t*d, 17 = -2*d - 3*f + 52. List the prime factors of d.
2, 5
Let o = 407 - 258. List the prime factors of o.
149
Suppose -g = -13 - 101. List the prime factors of g.
2, 3, 19
Suppose -54 = -0*d - 3*d. Let c(g) = -g. Let l be c(-3). Suppose d = y - 4*b, 9 = l*y + b + 2*b. List the prime factors of y.
2, 3
Suppose 0 = 4*v - s - s - 212, 3*v - 185 = -5*s. List the prime factors of v.
5, 11
Suppose -183 = -4*r - 4*o + 45, 4*r + 3*o = 231. List the prime factors of r.
2, 3, 5
Suppose -20 = 5*z - 205. List the prime factors of z.
37
Suppose -20 = 3*v + 5*p, 2*p + 3 + 43 = -5*v. Let t(b) = -b**3 - 10*b**2 + 8. What are the prime factors of t(v)?
2
Suppose -6*n + 3*n - 216 = 0. Let o be ((-2)/(-3))/((-4)/n). List the prime factors of (o/(-4))/(-1 + 0).
3
What are the prime factors of 20/8 - 559/(-2)?
2, 3, 47
Let p = -1 + 2. Let n(i) = -3*i**2 + 1. Let y be n(p). What are the prime factors of 11 - (y + 0) - 1?
2, 3
Let x be (-135)/18 - (-1)/(-2). List the prime factors of 151/5 - x/10.
31
Let b(m) = m**3 - 7*m**2 + 8*m + 1. Suppose -2*h = 3*h + 3*z - 24, -3*z = -3*h + 24. List the prime factors of b(h).
13
Let r = -14 + 12. What are the prime factors of r - -22 - 12/3?
2
Let m(j) = -j - 1. Let d(s) = 2*s**3 + 2*s**2 + 2*s + 7. Let x(z) = -d(z) - 3*m(z). List the prime factors of x(-3).
29
Suppose 9*n = 4*n - 3*k + 1169, 241 = n - 3*k. What are the prime factors of n?
5, 47
Let q(j) = j - 4*j**2 + 3*j**2 - 1 + 0 + 0. Let b be q(5). Let n = b - -35. List the prime factors of n.
2, 7
Suppose 0*i = -4*i. Suppose 5*h + 9 = 3*s, i*s + 12 = 4*s - 3*h. Suppose -36 = -3*d - t + 3*t, -s*d - 3*t = -36. What are the prime factors of d?
2, 3
Suppose 0 = i + 11 - 33. Suppose -4*m + 46 + i = 0. What are the prime factors of m?
17
Let c be 4/18 + 176/18. Suppose -4*k - u + 42 = 0, -2*u = 3*u - c. What are the prime factors of k?
2, 5
Let r be (10/(-15))/(2/(-3)). Let i = 2 + r. Suppose -12 = -4*x - 4*l, -3*x + 9 = -2*l + i*l. List the prime factors of x.
3
Let q(c) = -c**3 - 8*c**2 - 7*c + 2. Let o be q(-7). Suppose -3*k = 2*k - o*r - 22, 3*r = -2*k + 24. List the prime factors of k.
2, 3
Suppose -5*a + 2*a = 30. Let b = a - -23. What are the prime factors of b?
13
Suppose 0 = -2*i - 4*x - 24, -27 - 13 = 3*i + 2*x. Let j(q) = -3*q - 9. List the prime factors of j(i).
3, 11
Let r(p) = 1 - 6 + 1 - p - 4*p**2 + p**3 - 1. List the prime factors of r(5).
3, 5
Let y be 2/(-3) + (-845)/15. Let f be y/(-21) - (-2)/7. Let o = 5 - f. List the prime factors of o.
2
Let t(m) = 38*m - 9. What are the prime factors of t(4)?
11, 13
Suppose 7*y - 235 = 220. List the prime factors of y.
5, 13
List the prime factors of (3/2)/(36/768).
2
Let i = 244 + -122. List the prime factors of i.
2, 61
Suppose 0 = -0*t - 2*t + 24. Suppose 5*j - 13 - t = 0. Suppose -9 = -j*w + 31. What are the prime factors of w?
2
Suppose 4*n = 5*j - 81, 2*n = -4*j - 0*n + 44. Suppose -w + j = -4*u - 0*u, 2*u - 1 = -w. Let l = w - 1. What are the prime factors of l?
2
Suppose 0 = -5*x + 15. What are the prime factors of (x/(-2))/((-1)/22)?
3, 11
Let a(l) = -l**3 + 4*l**2 + 2*l - 3. Let k be ((-15)/(-9))/((-2)/(-6)). Suppose 3*o = k + 1. What are the prime factors of a(o)?
3
Let t = -5 + 8. Suppose 0 = t*i + 2*g - 156, 0*g = i - 2*g - 44. List the prime factors of i.
2, 5
Let u(v) = 2*v**2 - 4*v - 1. Let c = 5 + -1. Suppose c*s + 0 - 12 = 0. List the prime factors of u(s).
5
Let b = 17 - 34. Let r = 21 + b. List the prime factors of r.
2
Let u(m) = -m**2 - 14*m - 5. List the prime factors of u(-9).
2, 5
Let k(a) = 13*a**2 + 15*a + 41. What are the prime factors of k(-6)?
419
Suppose -2*f - f + 24 = 0. Let a be f/(-3)*(-36)/(-16). What are the prime factors of a*(-3)/12*2?
3
Let y be (-2*5)/((-8)/12). Suppose 0 = -2*m + 3*v + y, 4*m = 5*m + 5*v - 40. List the prime factors of m.
3, 5
Let p be -3*(-4)/(4/1). Suppose -5*q - o = -4*q - 34, 3*q = p*o + 126. List the prime factors of q.
2, 19
Suppose -4*q = 5*v - 60, -3*q - 40 - 23 = -3*v. Let r = 0 + v. What are the prime factors of r?
2
Let s = 1 + 2. Suppose -k - s*k = -28. What are the prime factors of k?
7
Let i = -36 - -55. What are the prime factors of i?
19
Let o(w) = -w + 16. Let u(x) = -x - 1. Let b(a) = -o(a) - 3*u(a). List the prime factors of b(6).
11
Let o(l) = l**3 + 3*l**2 - l + 1. Let k be o(-3). Suppose -h = k*h - 65. What are the prime factors of h?
13
Let x(a) = -3*a - 5. List the prime factors of x(-6).
13
Suppose 3*d = -2 + 8. Suppose 3*f + 2*y - 14 = 0, -6*y = -d*f - 4*y + 16. List the prime factors of f.
2, 3
Suppose -4*l + 2*h = -26, 3*h = -l - 5 + 1. List the prime factors of l.
5
Let d be (5/5)/(-1*1). Let i(j) = 7*j**2 + j. Let s be i(d). Suppose -n - 2*n = -s. List the prime factors of n.
2
Let s(f) = 8 + 5*f**2 - 4 - 6*f**2. What are the prime factors of s(0)?
2
Let d = -2 + 2. Suppose y - 4*s + 18 = d, -5*s = -10*s + 25. Suppose y*i - 20 = 2*f, -2*f - f = 5*i - 50. List the prime factors of i.
2, 5
List the prime factors of (46/(-16)*2)/((-16)/576).
3, 23
Let n(p) = p + 8. List the prime factors of n(8).
2
Let y be (-5)/(-25) + 119/5. Let u = 41 - y. What are the prime factors of u?
17
Let t(w) = -13*w. Let o = -1 + -2. List the prime factors of t(o).
3, 13
Let u(x) = 3*x**2 + 3*x + 3. Suppose 0*f - 13 = -f. Suppose -2*p = 3*y + 16, y = -0*y + 3*p + f. List the prime factors of u(y).
3
Let g be (-4)/(-20) + (-9)/(-5). Let d(x) = -2*x - 2 + 3 - 2*x - x**3 - 4*x**g. What are the prime factors of d(-4)?
17
Let s = -12 - -18. Let i be (-2)/(s/(-21))*1. Suppose v + 0*v - i = 0. List the prime factors of v.
7
Let s = -5 - -8. List the prime factors of (-1 + 2)/(s/24).
2
Let f be 0 - (0 - (-4)/(-1)). Suppose f = y + 2. What are the prime factors of 2 - (2 + y)*-3?
2, 7
Suppose -4*c + 748 = 4*z, 4*c + 2*z - 552 - 190 = 0. List the prime factors of c.
2, 23
Suppose -r + 2*r = -5. Let h be (-1)/(-1*2/(-90)). What are the prime factors of h/r + (-3 - -1)?
7
Let s be (-1)/(((-6)/4)/3). Suppose 2 = -s*m, -4*t - 5 = 3*m - 2*m. Let c(p) = 4*p**2 + 2*p + 1. What are the prime factors of c(t)?
3
Suppose o = 10*o - 2088. List the prime factors of o.
2, 29
Let i(u) = 14*u - 6. List the prime factors of i(6).
2, 3, 13
Let s(k) = 1 - k**2 + 2*k**2 + 2*k**2 + 4*k - 2*k. List the prime factors of s(-1).
2
Let m = -40 - -57. Let w = 31 - m. List the prime factors of w.
2, 7
Suppose i + 3 - 7 = 0. Suppose -4*h + 16 = i. Suppose 9 + 0 = h*l. List the prime factors of l.
3
List the prime factors of (-63)/(-2) - 7/14.
31
Suppose y - g - 4 = 0, g + 2*g = -6. Suppose -3*u = -6, -3*u = -y*i - 0*u - 2. What are the prime factors of (-4 + i)/(3/(-24))?
2
Suppose 0 = t - 22 - 8. What are the prime factors of ((-8)/(-5))/(3/t)?
2
Suppose -m + 115 = -2*s, 5*m + 0*s = -5*s + 530. What are the prime factors of m?
109
Let h be (-344)/(-10) + 8/(-20). Suppose 2*p - h = 16. What are the prime factors of p?
5
Let g = 17 + -12. Suppose -4*u + 29 = p, -g*u - 5 = -2*p + 1. Let a = p - 6. What are the prime factors of a?
7
Let g = -170 - -248. List the prime factors of g.
2, 3, 13
Let c = 40 + -74. Let j = -17 - c. What are the prime factors of j?
17
Let k(v) = -v**3 + 3*v**2 + 2*v - 3. Suppose 4*b + p = -4*p + 42, 5*b - 36 = 2*p. Suppose 5*g = g + b. List the prime factors of k(g).
5
Let d(q) = q**3 - q**2 - 2*q - 2. Suppose 5*y - 4*k + 45 = -9*k, -5*y - 3*k = 37. Let n(p) = p**2 + 3*p - 7. Let j be n(y). List the prime factors of d(j).
2, 5
Suppose 0 = -z + 5*z - 20. Let p = z - -21. What are the prime factors of p?
2, 13
Suppose 3*f + x - 145 = -x, -5*f + 243 = 4*x. List the prime factors of f.
47
Let z(n) be the second derivative of -n**3/6 - 9*n**2/2 - 2*n. Let x(r) = 1. Let y(t) = 2*x(t) - z(t). What are the prime factors of y(-8)?
3
Let m = 51 + 40. What are the prime factors of m?
7, 13
Suppose 3*l = 6*l + 3*n - 447, -l + 3*n + 133 = 0. What are the prime factors of l?
5, 29
Let f be 1/(4/16*-1). List the prime factors of (-32)/((-12)/f - 4).
2
Suppose 0 = -2*s + 5*s + 9. Let p = s - -13. Suppose -3*a + 2*a = -p. List the prime factors of a.
2, 5
Let s be (-1 - -10)/3 - -2. Let i = 5 - s. Suppose -3*u + 3*r = -6, i = 5*u + 3*r - 7*r - 12. List the prime factors of u.
2
Let g be 0/(-1)*(-2)/4. What are the prime factors of 20/(2 - g) - 1?
3
Suppose o + o = -46. L